{"id":1620,"date":"2013-03-05T18:52:03","date_gmt":"2013-03-05T16:52:03","guid":{"rendered":"http:\/\/quentinrpg.pl\/?page_id=1620"},"modified":"2025-07-06T14:39:56","modified_gmt":"2025-07-06T12:39:56","slug":"wszyscy-zwyciezcy","status":"publish","type":"page","link":"https:\/\/www.quentinrpg.pl\/?page_id=1620","title":{"rendered":"Zwyci\u0119zcy Quentina"},"content":{"rendered":"\n<figure class=\"wp-block-table\"><table><tbody><tr><td><strong>Rok<\/strong><\/td><td><strong>Tytu\u0142<\/strong><\/td><td><strong>Autor<\/strong><\/td><\/tr><tr><td><a href=\"https:\/\/www.quentinrpg.pl\/?page_id=6639\" data-type=\"page\" data-id=\"6639\">2025<\/a><\/td><td><a href=\"https:\/\/www.quentinrpg.pl\/?page_id=6644\">Siedem grzech\u00f3w Juranda ze Spychowa<\/a><\/td><td>Szczepan Lodowski<\/td><\/tr><tr><td><a href=\"https:\/\/www.quentinrpg.pl\/?page_id=6314\" target=\"_blank\" rel=\"noreferrer noopener\">2024<\/a><\/td><td><a href=\"https:\/\/www.quentinrpg.pl\/?page_id=6362\" target=\"_blank\" rel=\"noreferrer noopener\">Tatrza\u0144ska wyrypa<\/a><\/td><td>Ewa Samulak, Justyna Kapa<\/td><\/tr><tr><td><a href=\"https:\/\/www.quentinrpg.pl\/?page_id=6054\" data-type=\"page\" data-id=\"6054\" target=\"_blank\" rel=\"noreferrer noopener\">2023<\/a><\/td><td><a href=\"https:\/\/www.quentinrpg.pl\/?page_id=6065\" data-type=\"page\" data-id=\"6065\">Ostatnie yeehaw klanu Heehaw<\/a><\/td><td>Tytus Rduch<\/td><\/tr><tr><td><a href=\"https:\/\/www.quentinrpg.pl\/?page_id=5825\" data-type=\"page\" data-id=\"5825\">2022<\/a><\/td><td><a href=\"https:\/\/www.quentinrpg.pl\/?page_id=5844\">Na glinianym Wzg\u00f3rzu<\/a><\/td><td>Karol Gniazdowski<\/td><\/tr><tr><td><a href=\"https:\/\/www.quentinrpg.pl\/?page_id=5825\" data-type=\"page\" data-id=\"5825\">2022<\/a><\/td><td><a href=\"https:\/\/www.quentinrpg.pl\/?page_id=5892\">Ros\u00f3\u0142 z kuroliszka<\/a><\/td><td>Przemys\u0142aw Fr\u0105ckowiak-Szyma\u0144ski<\/td><\/tr><tr><td><a href=\"https:\/\/www.quentinrpg.pl\/?page_id=5279\">2021<\/a><\/td><td><a href=\"https:\/\/www.quentinrpg.pl\/?page_id=5304\">Dobry, z\u0142y i g\u0142upi<\/a><\/td><td>Wojciech Rosi\u0144ski<\/td><\/tr><tr><td><a href=\"http:\/\/quentinrpg.pl\/?page_id=4764\">2020<\/a><\/td><td><a href=\"http:\/\/quentinrpg.pl\/?page_id=4777\">Salamandra<\/a><\/td><td>Andrzej St\u00f3j<\/td><\/tr><tr><td><a href=\"http:\/\/quentinrpg.pl\/?page_id=4209\">2019<\/a><\/td><td><a href=\"http:\/\/quentinrpg.pl\/?page_id=4280\">Odkupienie<\/a><\/td><td>Pawe\u0142 Jakub Domownik<\/td><\/tr><tr><td><a href=\"http:\/\/quentinrpg.pl\/?page_id=3789\">2018<\/a><\/td><td><a href=\"http:\/\/quentinrpg.pl\/?page_id=3792\">Hotel Arkona<\/a><\/td><td>Katarzyna Krai\u0144ska<\/td><\/tr><tr><td><a href=\"http:\/\/quentinrpg.pl\/?page_id=2959\" target=\"_blank\" rel=\"noopener noreferrer\">2017<\/a><\/td><td><a href=\"http:\/\/quentinrpg.pl\/?page_id=2985\">Pomiot<\/a><\/td><td>Ana Polan\u0161\u0107ak, Witold Krawczyk<\/td><\/tr><tr><td><a href=\"http:\/\/quentinrpg.pl\/?page_id=2667\" target=\"_blank\" rel=\"noopener noreferrer\">2016<\/a><\/td><td><a href=\"http:\/\/quentinrpg.pl\/?page_id=2689\">Czyste r\u0105czki<\/a><\/td><td>Adrian Skowro\u0144<\/td><\/tr><tr><td><a href=\"http:\/\/quentinrpg.pl\/?page_id=2549\" target=\"_blank\" rel=\"noopener noreferrer\">2015<\/a><\/td><td><a href=\"http:\/\/quentinrpg.pl\/?page_id=2566\">Z\u0142odziej Czasu<\/a><\/td><td>Marek Golonka<\/td><\/tr><tr><td><a href=\"http:\/\/quentinrpg.pl\/?page_id=2250\" target=\"_blank\" rel=\"noopener noreferrer\">2014<\/a><\/td><td><a href=\"http:\/\/quentinrpg.pl\/?page_id=2272\">1879<\/a><\/td><td>Micha\u0142 Laskowski, Dawid Szyma\u0144ski<\/td><\/tr><tr><td><a href=\"http:\/\/quentinrpg.pl\/?page_id=1774\" target=\"_blank\" rel=\"noopener noreferrer\">2013<\/a><\/td><td><a href=\"http:\/\/quentinrpg.pl\/?page_id=1850\">Macki s\u0105 w Porz\u0105dku<\/a><\/td><td>\u0141ukasz Fedorowicz<\/td><\/tr><tr><td><a href=\"http:\/\/quentinrpg.pl\/?page_id=1375\" target=\"_blank\" rel=\"noopener noreferrer\">2012<\/a><\/td><td><a href=\"http:\/\/quentinrpg.pl\/?page_id=1402\">To\u017csamo\u015b\u0107<\/a><\/td><td>Pawe\u0142 Bogdaszewski<\/td><\/tr><tr><td><a href=\"http:\/\/quentinrpg.pl\/?page_id=1175\" target=\"_blank\" rel=\"noopener noreferrer\">2011<\/a><\/td><td><a href=\"http:\/\/quentinrpg.pl\/?page_id=1222\">Tysi\u0105c lat ciemno\u015bci<\/a><\/td><td>Mateusz Wielgosz i Mateusz Budziakowski<\/td><\/tr><tr><td><a href=\"http:\/\/quentinrpg.pl\/?page_id=35\" target=\"_blank\" rel=\"noopener noreferrer\">2010<\/a><\/td><td><a href=\"http:\/\/quentinrpg.pl\/?page_id=39\">Pod os\u0142on\u0105 miasta<\/a><\/td><td>Pawe\u0142 Stasik<\/td><\/tr><tr><td><a href=\"http:\/\/quentinrpg.pl\/?page_id=327\" target=\"_blank\" rel=\"noopener noreferrer\">2009<\/a><\/td><td><a href=\"http:\/\/quentinrpg.pl\/?page_id=458\">Cz\u0142owiek cz\u0142owiekowi wilkiem<\/a><\/td><td>Pawe\u0142 Walczak<\/td><\/tr><tr><td><\/td><td><a href=\"http:\/\/quentinrpg.pl\/?page_id=461\">Weso\u0142ego Halloween<\/a><\/td><td>Oskar Usarek<\/td><\/tr><tr><td><a href=\"http:\/\/quentinrpg.pl\/?page_id=334\" target=\"_blank\" rel=\"noopener noreferrer\">2008<\/a><\/td><td><a href=\"http:\/\/quentinrpg.pl\/?page_id=539\">Poci\u0105g<\/a><\/td><td>Piotr Odoli\u0144ski<\/td><\/tr><tr><td><a href=\"http:\/\/quentinrpg.pl\/?page_id=336\" target=\"_blank\" rel=\"noopener noreferrer\">2007<\/a><\/td><td><a href=\"http:\/\/quentinrpg.pl\/?page_id=583\">Bitwa na mokradle Roasz<\/a><\/td><td>Tomasz Pud\u0142o<\/td><\/tr><tr><td><\/td><td><a href=\"http:\/\/quentinrpg.pl\/?page_id=586\">Po\u0142ykacz<\/a><\/td><td>Oskar Usarek<\/td><\/tr><tr><td><a href=\"http:\/\/quentinrpg.pl\/?page_id=338\" target=\"_blank\" rel=\"noopener noreferrer\">2006<\/a><\/td><td><a href=\"http:\/\/quentinrpg.pl\/?page_id=615\">Terminator: decyduj\u0105ce starcie<\/a><\/td><td>Wojciech Doraczy\u0144ski<\/td><\/tr><tr><td><a href=\"http:\/\/quentinrpg.pl\/?page_id=340\" target=\"_blank\" rel=\"noopener noreferrer\">2005<\/a><\/td><td><a href=\"http:\/\/quentinrpg.pl\/?page_id=646\">W po\u0142udnie<\/a><\/td><td>Aleksander Ry\u0142ko<\/td><\/tr><tr><td><a href=\"http:\/\/quentinrpg.pl\/?page_id=342\" target=\"_blank\" rel=\"noopener noreferrer\">2004<\/a><\/td><td><a href=\"http:\/\/quentinrpg.pl\/?page_id=701\">Drewniane ostrze<\/a><\/td><td>Micha\u0142 Madej<\/td><\/tr><tr><td><a href=\"http:\/\/quentinrpg.pl\/?page_id=344\" target=\"_blank\" rel=\"noopener noreferrer\">2003<\/a><\/td><td><a href=\"http:\/\/quentinrpg.pl\/?page_id=770\">S\u0142odycz zapomnienia<\/a><\/td><td>Julian Czurko<\/td><\/tr><tr><td><a href=\"http:\/\/quentinrpg.pl\/?page_id=348\" target=\"_blank\" rel=\"noopener noreferrer\">2002<\/a><\/td><td><a href=\"http:\/\/quentinrpg.pl\/?page_id=776\">Lawina<\/a><\/td><td>Marcin &#8222;Seji&#8221; Segit<\/td><\/tr><tr><td><a href=\"http:\/\/quentinrpg.pl\/?page_id=351\" target=\"_blank\" rel=\"noopener noreferrer\">2001<\/a><\/td><td><a href=\"http:\/\/quentinrpg.pl\/?page_id=778\">Krzyk kamienia<\/a><\/td><td>Krzysztof Piskorski<\/td><\/tr><tr><td><a href=\"http:\/\/quentinrpg.pl\/?page_id=354\" target=\"_blank\" rel=\"noopener noreferrer\">2000<\/a><\/td><td><a href=\"http:\/\/quentinrpg.pl\/?page_id=782\">Aliens<\/a><\/td><td>\u0141ukasz &#8222;Ender&#8221; Jaworski<\/td><\/tr><tr><td><a href=\"http:\/\/quentinrpg.pl\/?page_id=356\" target=\"_blank\" rel=\"noopener noreferrer\">1999<\/a><\/td><td><a href=\"http:\/\/quentinrpg.pl\/?page_id=784\">Pan na Zamku Mgie\u0142<\/a><\/td><td>Maciej Szaleniec<\/td><\/tr><\/tbody><\/table><\/figure>\n","protected":false},"excerpt":{"rendered":"<p>Rok Tytu\u0142 Autor 2025 Siedem grzech\u00f3w Juranda ze Spychowa Szczepan Lodowski 2024 Tatrza\u0144ska wyrypa Ewa Samulak, Justyna Kapa 2023 Ostatnie yeehaw klanu Heehaw Tytus Rduch 2022 Na glinianym Wzg\u00f3rzu Karol Gniazdowski 2022 Ros\u00f3\u0142 z kuroliszka Przemys\u0142aw Fr\u0105ckowiak-Szyma\u0144ski 2021 Dobry, z\u0142y i g\u0142upi Wojciech Rosi\u0144ski 2020 Salamandra Andrzej St\u00f3j 2019 Odkupienie Pawe\u0142 Jakub Domownik 2018 Hotel<a class=\"more-link button\" href=\"https:\/\/www.quentinrpg.pl\/?page_id=1620\">Czytaj dalej&#8230;<\/a><\/p>\n","protected":false},"author":11112,"featured_media":0,"parent":33,"menu_order":0,"comment_status":"open","ping_status":"open","template":"","meta":{"footnotes":""},"categories":[],"tags":[],"class_list":["post-1620","page","type-page","status-publish","hentry"],"_links":{"self":[{"href":"https:\/\/www.quentinrpg.pl\/index.php?rest_route=\/wp\/v2\/pages\/1620","targetHints":{"allow":["GET"]}}],"collection":[{"href":"https:\/\/www.quentinrpg.pl\/index.php?rest_route=\/wp\/v2\/pages"}],"about":[{"href":"https:\/\/www.quentinrpg.pl\/index.php?rest_route=\/wp\/v2\/types\/page"}],"author":[{"embeddable":true,"href":"https:\/\/www.quentinrpg.pl\/index.php?rest_route=\/wp\/v2\/users\/11112"}],"replies":[{"embeddable":true,"href":"https:\/\/www.quentinrpg.pl\/index.php?rest_route=%2Fwp%2Fv2%2Fcomments&post=1620"}],"version-history":[{"count":8,"href":"https:\/\/www.quentinrpg.pl\/index.php?rest_route=\/wp\/v2\/pages\/1620\/revisions"}],"predecessor-version":[{"id":6720,"href":"https:\/\/www.quentinrpg.pl\/index.php?rest_route=\/wp\/v2\/pages\/1620\/revisions\/6720"}],"up":[{"embeddable":true,"href":"https:\/\/www.quentinrpg.pl\/index.php?rest_route=\/wp\/v2\/pages\/33"}],"wp:attachment":[{"href":"https:\/\/www.quentinrpg.pl\/index.php?rest_route=%2Fwp%2Fv2%2Fmedia&parent=1620"}],"wp:term":[{"taxonomy":"category","embeddable":true,"href":"https:\/\/www.quentinrpg.pl\/index.php?rest_route=%2Fwp%2Fv2%2Fcategories&post=1620"},{"taxonomy":"post_tag","embeddable":true,"href":"https:\/\/www.quentinrpg.pl\/index.php?rest_route=%2Fwp%2Fv2%2Ftags&post=1620"}],"curies":[{"name":"wp","href":"https:\/\/api.w.org\/{rel}","templated":true}]}}