{"id":35,"date":"2010-10-29T17:39:38","date_gmt":"2010-10-29T15:39:38","guid":{"rendered":"http:\/\/quentinrpg.pl\/?page_id=35"},"modified":"2025-07-06T14:48:28","modified_gmt":"2025-07-06T12:48:28","slug":"2010-2","status":"publish","type":"page","link":"https:\/\/www.quentinrpg.pl\/?page_id=35","title":{"rendered":"2010"},"content":{"rendered":"<p><a href=\"https:\/\/www.quentinrpg.pl\/?page_id=6639\">2025<\/a>\u00a0\u2013\u00a0<a href=\"https:\/\/www.quentinrpg.pl\/?page_id=6314\">2024<\/a> &#8211; <a href=\"https:\/\/www.quentinrpg.pl\/?page_id=6054\">2023<\/a> &#8211; <a href=\"https:\/\/www.quentinrpg.pl\/?page_id=5825\" data-type=\"page\" data-id=\"5825\">2022 <\/a>&#8211; <a href=\"https:\/\/www.quentinrpg.pl\/?page_id=5279\">2021<\/a> &#8211; <a href=\"http:\/\/quentinrpg.pl\/?page_id=4764\">2020<\/a> &#8211; <a href=\"http:\/\/quentinrpg.pl\/?page_id=4209\">2019<\/a> &#8211; <a href=\"http:\/\/quentinrpg.pl\/?page_id=3789\">2018<\/a> &#8211; <a href=\"http:\/\/quentinrpg.pl\/?page_id=2959\">2017<\/a> &#8211; <a href=\"http:\/\/quentinrpg.pl\/?page_id=2667\">2016<\/a> &#8211; <a href=\"http:\/\/quentinrpg.pl\/?page_id=2549\">2015<\/a> &#8211; <a href=\"http:\/\/quentinrpg.pl\/?page_id=2250\">2014<\/a> &#8211; <a href=\"http:\/\/quentinrpg.pl\/?page_id=1774\">2013<\/a> &#8211; <a href=\"http:\/\/quentinrpg.pl\/?page_id=1375\">2012<\/a> &#8211; <a href=\"http:\/\/quentinrpg.pl\/?page_id=1175\">2011<\/a> &#8211; <a href=\"http:\/\/quentinrpg.pl\/?page_id=327\">2009<\/a> &#8211; <a href=\"http:\/\/quentinrpg.pl\/?page_id=334\">2008<\/a> &#8211; <a href=\"http:\/\/quentinrpg.pl\/?page_id=336\">2007<\/a> &#8211; <a href=\"http:\/\/quentinrpg.pl\/?page_id=338\">2006<\/a> &#8211; <a href=\"http:\/\/quentinrpg.pl\/?page_id=340\">2005<\/a> &#8211; <a href=\"http:\/\/quentinrpg.pl\/?page_id=342\">2004<\/a> &#8211; <a href=\"http:\/\/quentinrpg.pl\/?page_id=344\">2003<\/a> &#8211; <a href=\"http:\/\/quentinrpg.pl\/?page_id=348\">2002<\/a> &#8211; <a href=\"http:\/\/quentinrpg.pl\/?page_id=351\">2001<\/a> &#8211; <a href=\"http:\/\/quentinrpg.pl\/?page_id=354\">2000<\/a> &#8211; <a href=\"http:\/\/quentinrpg.pl\/?page_id=356\">1999<\/a> &#8211; <a href=\"http:\/\/quentinrpg.pl\/?page_id=4679\">Express<\/a><\/p>\n<table>\n<tbody>\n<tr>\n<td><strong>Zwyci\u0119zca:<\/strong><\/td>\n<\/tr>\n<tr>\n<td width=\"67%\"><a href=\"http:\/\/quentinrpg.pl\/?page_id=39\">Pod os\u0142on\u0105 miasta<\/a> <em>autorski<\/em><\/td>\n<td>Pawe\u0142 Stasik<\/td>\n<\/tr>\n<tr>\n<td><strong>Wyr\u00f3\u017cnienia:<\/strong><\/td>\n<\/tr>\n<tr>\n<td width=\"67%\"><a href=\"http:\/\/quentinrpg.pl\/?page_id=411\" target=\"_blank\" rel=\"noopener noreferrer\">\u015amier\u0107 i \u017cycie Kami Ryby<\/a> <em>Legenda Pi\u0119ciu Kr\u0119g\u00f3w<\/em><\/td>\n<td>Szymon \u201eneishin\u201d Szweda<\/td>\n<\/tr>\n<tr>\n<td><a href=\"http:\/\/quentinrpg.pl\/?page_id=424\" target=\"_blank\" rel=\"noopener noreferrer\">Va banque<\/a> <em>Warhammer 2 ed.<\/em><\/td>\n<td>Andrzej \u201eKarczmarz\u201d Benczek<\/td>\n<\/tr>\n<tr>\n<td><strong>Pozostali finali\u015bci:<\/strong><\/td>\n<\/tr>\n<tr>\n<td width=\"67%\"><a href=\"http:\/\/quentinrpg.pl\/?page_id=429\" target=\"_blank\" rel=\"noopener noreferrer\">Krzyk zza grobu<\/a> <em>Warhammer 2 ed.<\/em><\/td>\n<td>Damian Maleszewski<\/td>\n<\/tr>\n<tr>\n<td><a href=\"http:\/\/quentinrpg.pl\/?page_id=436\" target=\"_blank\" rel=\"noopener noreferrer\">Tajemnica profesora Friedricksena<\/a> <em>Wolsung<\/em><\/td>\n<td>Jaros\u0142aw Kope\u0107<\/td>\n<\/tr>\n<tr>\n<td><strong>Pozosta\u0142e scenariusze:<\/strong><\/td>\n<\/tr>\n<tr>\n<td width=\"67%\"><a href=\"http:\/\/quentinrpg.pl\/?page_id=793\" target=\"_blank\" rel=\"noopener noreferrer\">Karabiny Atlantydy<\/a> <em>SWEX<\/em><\/td>\n<td>Jakub \u201eErpegis\u201d Osiejewski<\/td>\n<\/tr>\n<tr>\n<td><a href=\"http:\/\/quentinrpg.pl\/?page_id=446\" target=\"_blank\" rel=\"noopener noreferrer\">Kr\u00f3tka droga do piek\u0142a<\/a> <em>Warhammer 2 ed.<\/em><\/td>\n<td>Bartosz Antonowicz<\/td>\n<\/tr>\n<tr>\n<td><a href=\"http:\/\/quentinrpg.pl\/?page_id=451\" target=\"_blank\" rel=\"noopener noreferrer\">Synowie w\u0119\u017ca<\/a> <em>Warhammer 2 ed.<\/em><\/td>\n<td>Grzegorz Wo\u0142oszuk<\/td>\n<\/tr>\n<\/tbody>\n<\/table>\n","protected":false},"excerpt":{"rendered":"<p>2025\u00a0\u2013\u00a02024 &#8211; 2023 &#8211; 2022 &#8211; 2021 &#8211; 2020 &#8211; 2019 &#8211; 2018 &#8211; 2017 &#8211; 2016 &#8211; 2015 &#8211; 2014 &#8211; 2013 &#8211; 2012 &#8211; 2011 &#8211; 2009 &#8211; 2008 &#8211; 2007 &#8211; 2006 &#8211; 2005 &#8211; 2004 &#8211; 2003 &#8211; 2002 &#8211; 2001 &#8211; 2000 &#8211; 1999 &#8211; Express Zwyci\u0119zca: Pod os\u0142on\u0105 miasta<a class=\"more-link button\" href=\"https:\/\/www.quentinrpg.pl\/?page_id=35\">Czytaj dalej&#8230;<\/a><\/p>\n","protected":false},"author":11112,"featured_media":0,"parent":33,"menu_order":1,"comment_status":"open","ping_status":"closed","template":"","meta":{"footnotes":""},"categories":[],"tags":[],"class_list":["post-35","page","type-page","status-publish","hentry"],"_links":{"self":[{"href":"https:\/\/www.quentinrpg.pl\/index.php?rest_route=\/wp\/v2\/pages\/35","targetHints":{"allow":["GET"]}}],"collection":[{"href":"https:\/\/www.quentinrpg.pl\/index.php?rest_route=\/wp\/v2\/pages"}],"about":[{"href":"https:\/\/www.quentinrpg.pl\/index.php?rest_route=\/wp\/v2\/types\/page"}],"author":[{"embeddable":true,"href":"https:\/\/www.quentinrpg.pl\/index.php?rest_route=\/wp\/v2\/users\/11112"}],"replies":[{"embeddable":true,"href":"https:\/\/www.quentinrpg.pl\/index.php?rest_route=%2Fwp%2Fv2%2Fcomments&post=35"}],"version-history":[{"count":5,"href":"https:\/\/www.quentinrpg.pl\/index.php?rest_route=\/wp\/v2\/pages\/35\/revisions"}],"predecessor-version":[{"id":6736,"href":"https:\/\/www.quentinrpg.pl\/index.php?rest_route=\/wp\/v2\/pages\/35\/revisions\/6736"}],"up":[{"embeddable":true,"href":"https:\/\/www.quentinrpg.pl\/index.php?rest_route=\/wp\/v2\/pages\/33"}],"wp:attachment":[{"href":"https:\/\/www.quentinrpg.pl\/index.php?rest_route=%2Fwp%2Fv2%2Fmedia&parent=35"}],"wp:term":[{"taxonomy":"category","embeddable":true,"href":"https:\/\/www.quentinrpg.pl\/index.php?rest_route=%2Fwp%2Fv2%2Fcategories&post=35"},{"taxonomy":"post_tag","embeddable":true,"href":"https:\/\/www.quentinrpg.pl\/index.php?rest_route=%2Fwp%2Fv2%2Ftags&post=35"}],"curies":[{"name":"wp","href":"https:\/\/api.w.org\/{rel}","templated":true}]}}