{"id":4845,"date":"2020-10-01T08:59:00","date_gmt":"2020-10-01T06:59:00","guid":{"rendered":"http:\/\/quentinrpg.pl\/?page_id=4845"},"modified":"2020-11-29T17:16:54","modified_gmt":"2020-11-29T15:16:54","slug":"bledy-przeszlosci-2","status":"publish","type":"page","link":"https:\/\/www.quentinrpg.pl\/?page_id=4845","title":{"rendered":"B\u0142\u0119dy przesz\u0142o\u015bci"},"content":{"rendered":"\n<h4 class=\"wp-block-heading\"><a href=\"http:\/\/quentinrpg.pl\/wp-content\/uploads\/2020\/09\/Bledy-przeszlosci.pdf\" data-type=\"URL\" data-id=\"http:\/\/quentinrpg.pl\/wp-content\/uploads\/2020\/09\/Bledy-przeszlosci.pdf\">B\u0142\u0119dy przesz\u0142o\u015bci \u2013 Jakub \u0141ada<\/a><\/h4>\n\n\n\n<p><strong>Edycja: <\/strong><a href=\"http:\/\/quentinrpg.pl\/?page_id=4764\" data-type=\"URL\" data-id=\"http:\/\/quentinrpg.pl\/?page_id=4764\">2020<\/a><\/p>\n\n\n\n<p><strong>System: <\/strong>Zew Cthulhu 7 ed<\/p>\n\n\n\n<p><strong>Setting: <\/strong>Londyn, lata 20. XX wieku<\/p>\n\n\n\n<p><strong>Liczba graczy: <\/strong>1-4<\/p>\n\n\n\n<p><strong>Gotowe postacie: <\/strong>brak<\/p>\n\n\n\n<p><strong>Liczba sesji: <\/strong>1-2<\/p>\n\n\n\n<p><strong>Dodatki: <\/strong>brak<\/p>\n\n\n\n<p><strong>Opis:<\/strong><\/p>\n\n\n\n<p>B\u0142\u0119dy przesz\u0142o\u015bci to kr\u00f3tki scenariusz do 7. edycji Zewu Cthulhu. Przeznaczony do rozegrania w ci\u0105gu jednej \u2013 dw\u00f3ch kilkugodzinnych sesji przez grup\u0119 od 1 do 4 badaczy. Scenariusz domy\u015blnie rozgrywa si\u0119 w latach 20. XX wieku, w Londynie. Celem badaczy b\u0119dzie wyja\u015bnienie tajemniczej \u015bmierci Ambrose&#8217;a Wright, znanego angielskiego prawnika, a niegdy\u015b domoros\u0142ego okultysty. Fabu\u0142a przygody zosta\u0142a zainspirowana klasycznymi angielskimi powie\u015bciami detektywistycznymi takich autor\u00f3w jak Agatha Christie czy Arthur Conan Doyle i zosta\u0142a napisana zgodnie z jej prawid\u0142ami.<\/p>\n\n\n\n<div class=\"sp-wrap sp-wrap-default\">\n<div class=\"sp-head\" title=\"Expand\">\nPoka\u017c komentarze kapitu\u0142y\n<\/div>\n<div class=\"sp-body folded\">\n<\/p>\n<h2 class=\"wp-block-heading\">Pawe\u0142 Bogdaszewski<\/h2>\n<p>Kameralne \u015bledztwo w stylu klasycznych opowie\u015bci detektywistycznych, w\u0142a\u015bciwie pretekstowo oparte o Zew.<\/p>\n<p>Zalety<\/p>\n<ul class=\"wp-block-list\">\n<li>\u015aledztwo w Zewie z opcj\u0105 nadnaturalno\u015bci.<\/li>\n<li>Ciekawi i umotywowani bohaterowie niezale\u017cni<\/li>\n<li>Kameralna skala<\/li>\n<li>Streszczenie<\/li>\n<li>Dobre rozpisanie<\/li>\n<\/ul>\n<p>W\u0105tpliwo\u015bci<\/p>\n<ul class=\"wp-block-list\">\n<li>To lokaj zabi\u0142\u2026 z tym \u017ce s\u0142u\u017c\u0105ca. Fajne nawi\u0105zanie do g\u0142\u00f3wnych inspiracji, mo\u017ce sta\u0107 si\u0119 szybko przyczyn\u0105 niepowodzenia scenariusza w praktyce. Nie jest to wada, ale mo\u017ce ni\u0105 by\u0107.<\/li>\n<li>W samym \u015bledztwie przyda\u0142oby si\u0119 wi\u0119cej poszlak lub mocniejsze dowody. Wed\u0142ug tego co jest scenariuszu, mo\u017cna rzuci\u0107 mocne podejrzenia na winn\u0105, jednak przyda\u0142oby si\u0119 by wtedy poszlaki i dowody zacie\u015bnia\u0142y mocne podejrzenie do pewno\u015bci. Autor pisze o tym, \u017ce ka\u017cdy z bohater\u00f3w niezale\u017cnych mo\u017ce by\u0107 potencjalnym morderc\u0105, uwa\u017cam, \u017ce intryga powinna by\u0107 skonstruowana tak, by ostatecznie m\u00f3g\u0142 by\u0107 nim tylko jeden bohater. Prawdziwy morderca.<\/li>\n<\/ul>\n<h2 class=\"wp-block-heading\">Piotr Cichy<\/h2>\n<p>Klasyczna zagadka kryminalna (w stylu np. Agathy Christie) rozpisana na mechanice Zewu Cthulhu. Co prawda s\u0105 tu ramki jak wple\u015b\u0107 w t\u0119 histori\u0119 w\u0105tki paranormalne, ale te wskaz\u00f3wki wymagaj\u0105 rozwini\u0119cia przez Mistrza Gry. Mo\u017cna by\u0142o t\u0119 alternatywn\u0105 wersj\u0119 ulepszy\u0107, cho\u0107 i tak podoba mi si\u0119 samo dodanie takiej opcji. MG ma wyb\u00f3r jak chce to poprowadzi\u0107.<\/p>\n<p>Ca\u0142o\u015b\u0107 prezentuje si\u0119 bardzo \u0142adnie &#8211; schludnie z\u0142o\u017cone, ze spisem tre\u015bci, przejrzyste. Od razu przyjemniej si\u0119 czyta.<\/p>\n<p>Niestety praca nadal zawiera nieco drobnych b\u0142\u0119d\u00f3w, z kt\u00f3rymi powinna sobie poradzi\u0107 dodatkowa korekta. Gorzej, \u017ce brakuje streszczenia, przedstawienia na pocz\u0105tku jak ma wygl\u0105da\u0107 akcja.<\/p>\n<p>I&nbsp; to si\u0119 potem nieco m\u015bci. Na przyk\u0142ad nie jest jasne, \u017ce Wrightowie i Oliverowie s\u0105 s\u0105siadami (informacja o tym pojawia si\u0119 dopiero w dalszej cz\u0119\u015bci tekstu). W wiecz\u00f3r morderstwa postaci graczy powinny by\u0107 \u015bwiadkami wyj\u015bcia z domu Edwarda Olivera i jednocze\u015bnie k\u0142\u00f3tni Wright\u00f3w \u2013 wydarze\u0144 rozgrywaj\u0105cych si\u0119 w dw\u00f3ch r\u00f3\u017cnych domach. Gdy budynki s\u0105 ko\u0142o siebie, da si\u0119 to po\u0142\u0105czy\u0107 (wida\u0107 to z ulicy itp.), ale w pierwszej chwili MG mo\u017ce mie\u0107 zagwozdk\u0119 jak to przedstawi\u0107.<\/p>\n<p>Zdecydowanym plusem scenariusza jest porz\u0105dna rozpiska NPC\u00f3w zgodnie z mechanik\u0105 i og\u00f3lnie uwzgl\u0119dnianie zasad gry, co wbrew pozorom jest zaskakuj\u0105co rzadkie.<\/p>\n<p>Podoba\u0142o mi si\u0119 po\u0142\u0105czenie w jednej z postaci marzycielskiego roztargnienia i \u015bcis\u0142ego racjonalizmu. Mo\u017ce to by\u0107 ciekawe do odgrywania. Zreszt\u0105 og\u00f3lnie NPCe s\u0105 bardzo dobrze przygotowani i opisani. W takiej przygodzie opartej na interakcjach z nimi to niezwykle wa\u017cne.<\/p>\n<p>Scenariusz jest dosy\u0107 kr\u00f3tki, akurat na pojedyncz\u0105 sesj\u0119. Jest par\u0119 miejsc, gdzie mo\u017cna by go rozwin\u0105\u0107. Na przyk\u0142ad podrzucaj\u0105c wi\u0119cej mylnych trop\u00f3w. Przy seansie spirytystycznym pojawia si\u0119 informacja o niedawno zmar\u0142ym s\u0105siedzie Wright\u00f3w. To potencjalny dodatkowy podejrzany w\u0105tek, kt\u00f3ry mogliby bada\u0107 bohaterowie.<\/p>\n<p>Profesjonalnie przygotowana praca. \u015awietna rzecz do pogrania np. na konwencie. Jednostrza\u0142 dla lubi\u0105cych \u015bledztwa, a niekoniecznie przepadaj\u0105cych za mitami Cthulhu. Na fina\u0142 Quentina raczej nie ma szans, bo nie ma tu za bardzo czego\u015b nowatorskiego lub unikalnego. Klasyczna historia detektywistyczna, w\u0142a\u015bciwie bez twistu. B\u0119dzie za to cenn\u0105 pozycj\u0105 w bazie scenariuszy Quentina i my\u015bl\u0119, \u017ce wielokrotnie gran\u0105 przez r\u00f3\u017cne ekipy.<\/p>\n<h2 class=\"wp-block-heading\">Pawe\u0142 Jakub Domownik<\/h2>\n<p>Zew Cthulhu bez mit\u00f3w za to z wyj\u0105tkowo fajnym pomys\u0142em. Mamy tu do rozegrania klasycznego brytyjskiego whudunita, gdzie prawie ka\u017cdy co\u015b ukrywa. Mity mo\u017cna w to wprowadza\u0107 opcjonalnie i raczej w niewielkich ilo\u015bciach. Troch\u0119 szkoda, bo wydaje mi si\u0119 ze mocniejsze zaakcentowanie ich pomog\u0142o by temu tekstowi.<\/p>\n<p>Badacze maj\u0105 tu sporo do roboty. Przy okazji odkrywania kto zabi\u0142, musz\u0105 rozpozna\u0107 ca\u0142\u0105 ciekaw\u0105 siatk\u0119 relacji i tajemnic BN-\u00f3w. Ci s\u0105 zreszt\u0105 bardzo fajni, w klasycznym kryminalnym stylu. Potem rzecz jasna musz\u0105 zdecydowa\u0107 co z tym zrobi\u0107. Scenariusz nie podpowiada nam konkretnych scen, tylko rozpisuje motywacje i plany dzia\u0142a\u0144 postaci oraz rzecz jasna informuje jakie poszlaki mo\u017cna znale\u017a\u0107 gdzie. To bardzo fajna konstrukcja, kt\u00f3ra zapewnia, \u017ce sesja nie b\u0119dzie jecha\u0142a po szynach.<\/p>\n<p>Na uwag\u0119 zas\u0142uguj\u0105 zw\u0142aszcza dwie ramki z opcjami: Mo\u017cliwo\u015b\u0107 do\u0142o\u017cenia kolejnych morderstw (bo kto\u015b co\u015b wie i g\u0142\u00f3wny sprawca chce go wyeliminowa\u0107). Oraz inne opcje (podrzucenie dowod\u00f3w), kt\u00f3rych z\u0142oczy\u0144ca mo\u017ce si\u0119 \u0142apa\u0107, kiedy gracze b\u0119d\u0105 na jego tropie. Szkoda, \u017ce ta sekcja nie jest bardziej rozbudowana.<\/p>\n<p>Mechanika i jej u\u017cycie w \u015bledztwie to zawsze trudna sprawa. Jak dalece to gracze a nie bohaterowie maj\u0105 rozwi\u0105zywa\u0107 histori\u0119? Tutaj mamy porz\u0105dne opracowanie mechaniczne. Zw\u0142aszcza podoba mi si\u0119 pami\u0119tanie o fail forward. Nawet niezdane testy w \u015bledztwie dostarcz\u0105 nam cz\u0119\u015bci podstawowych informacji. Sukces je uszczeg\u00f3\u0142owi.<\/p>\n<p>Najs\u0142abszym elementem wydaje mi si\u0119 niestety samo \u015bledztwo. Od pocz\u0105tku mamy 2-3 podejrzanych, a do wytypowania prawdziwego sprawcy jest do\u015b\u0107 w\u0105ska i kr\u00f3tka. Wrzucony tu rytua\u0142 spirytystyczny jest ciekawym fa\u0142szywym tropem, ale to za ma\u0142o.<\/p>\n<p>Zdecydowanie b\u0119d\u0119 namawia\u0142 autora\/ke do przys\u0142ania nam za rok nast\u0119pnej pracy. Mo\u017ce bardziej odwa\u017cnej? B\u0142\u0119dy przesz\u0142o\u015bci to pierwszorz\u0119dny scenariusz drugorz\u0119dny a tym nie wygra si\u0119 Quentina 2020.<\/p>\n<h2 class=\"wp-block-heading\">Marek Golonka<\/h2>\n<p>Zalety<\/p>\n<p><strong>\u015awiadomo\u015b\u0107 konwencji.<\/strong> Scenariusz jest \u015bledztwem w stylu Agaty Christie i zachowuje si\u0119 jak \u015bledztwo w stylu Agaty Christie, bardzo sprawnie wykorzystuje elementy konwencji i epoki. Dobrze pokazuje te\u017c, jak bliskie lovecraftowskie \u015bledztwa okultystyczne s\u0105 klasycznym \u015bledztwom kryminalnym, dobrze radz\u0105c, jak doprawi\u0107 t\u0119 kryminaln\u0105 spraw\u0119 nadrzyrodzonymi w\u0105tkami.<\/p>\n<p><strong>Zwarte i logiczne<\/strong>. Morderca ma motywacj\u0119, jest cz\u0119\u015bci\u0105 skomplikowanego uk\u0142adu po\u0142\u0105czonego mi\u0142o\u015bci\u0105, nienawi\u015bci\u0105 i r\u00f3\u017cnicami klasowymi. Ca\u0142\u0105 spraw\u0119 \u0142atwo zrozumie\u0107 i zapami\u0119ta\u0107, a przy tym ma do\u015b\u0107 szczeg\u00f3\u0142\u00f3w, by wydawa\u0142a si\u0119 barwna a nie tylko klasyczna.<\/p>\n<p><strong>Solidne listy poszlak<\/strong>. Badacze mog\u0105 wzi\u0105\u0107 si\u0119 za spraw\u0119 od wielu r\u00f3\u017cnych stron i w praktycznie ka\u017cdym miejscu i w rozmowie z ka\u017cd\u0105 postaci\u0105 znajd\u0105 jakie\u015b tropy, kt\u00f3re popchn\u0105 ich poszukiwania naprz\u00f3d.<\/p>\n<p>W\u0105tpliwo\u015bci<\/p>\n<p><strong>Zbyt statyczne?<\/strong> Sprawczyni\u0119 \u0142atwo wykry\u0107 i w sumie nie ma powa\u017cnych przeszk\u00f3d na drodze do owego wykrycia. Je\u015bli Badacze b\u0119d\u0105 si\u0119 \u015blamazarzy\u0107, mo\u017ce zamordowa\u0107 kolejne osoby, ale brakuje mi jakich\u015b przeciwno\u015bci, kt\u00f3re kierowa\u0142aby konkretnie przeciwko \u015bledczym.<\/p>\n<p>Og\u00f3lne wra\u017cenia<em>B\u0142\u0119dy przesz\u0142o\u015bci <\/em>nie s\u0105 mo\u017ce wielkim odkryciem, ale s\u0105 bardzo solidnym scenariuszem dobrze graj\u0105cym konwencj\u0105 i tworz\u0105cym w jej ramach g\u0119st\u0105 sie\u0107 relacji i podejrze\u0144, przebijanie si\u0119 przez kt\u00f3r\u0105 mo\u017ce by\u0107 prawdziw\u0105 przyjemno\u015bci\u0105 dla entuzjast\u00f3w \u015bledczych sesji. Niezale\u017cnie od tego, jak ten scenariusz poradzi sobie w Quentinie, serdecznie doradzam dopracowanie troch\u0119 stawianych przed Badaczami problem\u00f3w, a nast\u0119pnie wydanie go na Miskatonic Repository &#8211; obiecuj\u0119, \u017ce kupi\u0119!<\/p>\n<h2 class=\"wp-block-heading\">Katarzyna Krai\u0144ska<\/h2>\n<p>+ Klarowny wst\u0119p i ciekawa opcja z mo\u017cliwo\u015bci\u0105 dozowania stopnia nadnaturalno\u015bci &#8211; taki pomys\u0142 podbija uniwersalno\u015b\u0107 scenariusza.<\/p>\n<p>+ Ciekawy twist z Andrew &#8211; do racjonalizmu popchn\u0105\u0142 go nieudany rytua\u0142.<\/p>\n<p>+ Przemy\u015blane, interesuj\u0105ce postacie z charakterem, rolami i motywacjami. Szkoda, \u017ce to jedna z tych prac, w kt\u00f3rych BNi s\u0105 ciekawszymi bohaterami, ni\u017c BG \ud83d\ude09<\/p>\n<p>+ Nieudany test na medycyn\u0119 nie blokuje \u015bledztwa &#8211; BG i tak dowiedz\u0105 si\u0119, \u017ce denat zosta\u0142 otruty.<\/p>\n<p>+ Czytelnik najpierw otrzymuje informacj\u0119 kto i jak zabi\u0142, a dopiero p\u00f3\u017aniej proponowany przebieg \u015bledztwa. To bardzo u\u0142atwia orientacj\u0119 w scenariuszu.<\/p>\n<p>+ Bardzo dobre wskaz\u00f3wki w ramce \u201eTen, kt\u00f3ry wiedzia\u0142 zbyt wiele\u201d &#8211; dzi\u0119ki nim MG mo\u017ce pom\u00f3c graczom podczas zastoju, podkr\u0119caj\u0105c atmosfer\u0119 kolejnym morderstwem, i co wi\u0119cej, sprowadzaj\u0105c BG na miejsce w odpowiednim momencie, aby to oni (a nie np. policja) odkryli kolejne zbrodnie.<\/p>\n<p>&#8211; Autor proponuje, by madame Guerin mia\u0142a w paranormalnej wersji scenariusza \u201emroczniejszy cel\u201d, ale nie pisze, jaki. Je\u015bli MG chce poprowadzi\u0107 t\u0119 wersj\u0119 przygody, na dobr\u0105 spraw\u0119 musi wymy\u015bli\u0107 ten w\u0105tek samodzielnie.<\/p>\n<p>&#8211; Pow\u00f3d zwr\u00f3cenia si\u0119 o pomoc do BG wydaje si\u0119 troch\u0119 zbyt pretekstowy (denat nie ufa\u0142 policji).<\/p>\n<p>&#8211; Zabrak\u0142o wskaz\u00f3wek odno\u015bnie do fina\u0142u. Jak na aresztowanie zareaguje Katherine? Przyjmie je ze spokojem? B\u0119dzie si\u0119 broni\u0107? Ucieka\u0107? Mordowa\u0107?<\/p>\n<p>B\u0142\u0119dy przesz\u0142o\u015bci to scenariusz bardzo dobrze przemy\u015blany pod k\u0105tem pojawiaj\u0105cych si\u0119 w nim postaci, kt\u00f3re s\u0105 jego najmocniejsz\u0105 stron\u0105. Dobrze przygotowuje te\u017c MG do rozm\u00f3w i \u015blad\u00f3w, kt\u00f3re b\u0119d\u0105 znajdowane podczas \u015bledztwa, ale oferuje ich odrobin\u0119 za du\u017co. Ta przygoda sk\u0142ada si\u0119 prawie wy\u0142\u0105cznie z rozm\u00f3w i odnajdywania \u015blad\u00f3w; przyda\u0142oby si\u0119 to rozbi\u0107 scenami, w kt\u00f3rych gracze mogliby si\u0119 skonfrontowa\u0107 z podejrzanymi, prze\u017cy\u0107 co\u015b na w\u0142asnej sk\u00f3rze, s\u0142owem &#8211; budowa\u0107 swoj\u0105 fabu\u0142\u0119, a nie tylko j\u0105 odkrywa\u0107.<\/p>\n<h2 class=\"wp-block-heading\">Witold Krawczyk<\/h2>\n<p>Moje komentarze:<\/p>\n<ul class=\"wp-block-list\">\n<li>Osobowo\u015bci postaci s\u0105 niez\u0142e; my\u015bl\u0119, \u017ce spo\u015br\u00f3d wszystkich wyr\u00f3\u017cnia si\u0119 gniewna Katherine.<\/li>\n<li>Katherine jest s\u0142u\u017c\u0105c\u0105 zamordowanego. To mo\u017ce negatywnie kojarzy\u0107 si\u0119 z klisz\u0105 \u201eto lokaj zabi\u0142\u201d, mo\u017ce te\u017c czyni\u0107 j\u0105 najbardziej oczywistym podejrzanym.<\/li>\n<li>Podoba mi si\u0119 lista dzia\u0142a\u0144 Katherine, kt\u00f3ra b\u0119dzie pr\u00f3bowa\u0142a wymkn\u0105\u0107 si\u0119 oskar\u017ceniom: zw\u0142aszcza podrzucenie komu\u015b strychniny mo\u017ce podbi\u0107 napi\u0119cie i skomplikowa\u0107 \u015bledztwo \u2013 a r\u00f3wnocze\u015bnie pozwoli\u0107 graczom zdoby\u0107 nowe tropy. R\u00f3wnie\u017c lista potencjalnych dzia\u0142a\u0144 Scotland Yardu powinna si\u0119 przyda\u0107 i uatrakcyjni\u0107 \u015bledztwo.<\/li>\n<li>My\u015bl\u0119, \u017ce w przygodzie brakuje dowod\u00f3w. Z przepytania \u015bwiadk\u00f3w gracze powinni dowiedzie\u0107 si\u0119, \u017ce zab\u00f3jstwa mog\u0142a dokona\u0107 Katherine, \u017cona Constance, albo ktokolwiek, kto akurat przechodzi\u0142 pod oknem. Znalezienie butelki po strychninie albo us\u0142yszenie od Katherine, \u017ce widzia\u0142a Constance nachylaj\u0105c\u0105 si\u0119 nad kaw\u0105 sprawi, \u017ce kr\u0105g najbardziej podejrzanych zaw\u0119zi si\u0119 do dw\u00f3ch os\u00f3b (ale wci\u0105\u017c nie wykluczy winy osoby z zewn\u0105trz). Potem, je\u015bli gracze poznaj\u0105 jako\u015b histori\u0119 zmar\u0142ego Benedicta (histori\u0119, do kt\u00f3rej prowadzi niewiele poszlak; swoj\u0105 drog\u0105 Justin Alexander wyznaczy\u0142 kiedy\u015b s\u0142uszn\u0105 zasad\u0119, \u017ce je\u015bli gracze maj\u0105 doj\u015b\u0107 do jakiego\u015b wniosku w \u015bledztwie, powinny do niego prowadzi\u0107 przynajmniej trzy poszlaki, bo gracze przeocz\u0105 pierwsze dwie) \u2013 je\u015bli poznaj\u0105 histori\u0119 Benedicta, mog\u0105 pozna\u0107 motywacj\u0119 Katherine. Wi\u0119cej dowod\u00f3w chyba nie ma; motywacja nie wystarczy, \u017ceby by\u0107 pewnym, \u017ce kto\u015b jest morderc\u0105. W tym momencie wyzwanie w przygodzie nie przestaje polega\u0107 na dedukcji \u2013 gracze musz\u0105 w jaki\u015b spos\u00f3b wydoby\u0107 od Katherine przyznanie si\u0119 do winy, a mo\u017ce zdecydowa\u0107, czy i jak wymierzy\u0107 sprawiedliwo\u015b\u0107, nie maj\u0105c dowod\u00f3w. To nie s\u0105 z\u0142e wyzwania \u2013 jednak mog\u0105 by\u0107 te\u017c frustruj\u0105ce dla graczy, kt\u00f3rzy mog\u0105 z braku dowod\u00f3w porzuci\u0107 \u015bledztwo albo b\u0142\u0105dzi\u0107 bez celu.<\/li>\n<li>Rozpisanie przygody na podejrzanych i znane im fakty, bez podzia\u0142u na sceny, wydaje mi si\u0119 bardzo sensownym i por\u0119cznym rozwi\u0105zaniem.<\/li>\n<li>Pomys\u0142 (nie wp\u0142ywaj\u0105cy na ocen\u0119) \u2013 a gdyby tak utrzyma\u0107 zasad\u0119, \u017ce w samym morderstwie nie ma nic nadnaturalnego, ale dooko\u0142a zaserwowa\u0107 nadnaturalne dekoracje? Uczonych badaj\u0105cych Necronomicon, drugoplanow\u0105 posta\u0107 kultysty, dziwne wizje dotykaj\u0105ce jakich\u015b BN-\u00f3w. To przygoda do Zewu \u2013 wi\u0119c gracze b\u0119d\u0105 spodziewali si\u0119 element\u00f3w nadnaturalnych, a ich bohaterowie, jako weterani spotka\u0144 z Mitami, mog\u0105 sami by\u0107 kim\u015b z innego \u015bwiata.<\/li>\n<\/ul>\n<h2 class=\"wp-block-heading\">Micha\u0142 Kuras<\/h2>\n<p>+ ca\u0142kiem \u0142adne mapki, przydatne przy taktycznym rozgrywaniu star\u0107<\/p>\n<p>+ przeszkody zwi\u0105zane z natur\u0105 (zima, \u015bnieg)<\/p>\n<p>&#8211; prosta historia, kt\u00f3ra w \u017caden spos\u00f3b od mnie nie trafia<\/p>\n<h2 class=\"wp-block-heading\">Marysia Borys-Pi\u0105tkowska<\/h2>\n<p>Klasyczny scenariusz nastawiony na \u015bledztwo w stylu starych dobrych powie\u015bci kryminalnych. Tekst czyta si\u0119 przyjemnie, nawigacja po nim jest \u0142atwa, a w\u0105tki klarownie wyt\u0142umaczone. MG zna przebieg&nbsp; i tajemnic\u0119 i dzi\u0119ki temu wie, jak zaserwowa\u0107 t\u0119 przygod\u0119 Graczom. Podobaj\u0105 mi si\u0119 barwni NPCe, u kt\u00f3rych Autor\/ka zadba\u0142\/a nawet o rozpisanie silnych motywacji. Ta siatka powi\u0105za\u0144 to jedno z g\u0142\u00f3wnych i najciekawszych zada\u0144 BG pod k\u0105tem rozwi\u0105zania ostatecznej zagadki morderstwa. Antagonista jest wiarygodny, a jego dzia\u0142ania i motywacje sp\u00f3jne i logiczne. Mechanika fajnie wspiera rozgrywk\u0119, nie blokuj\u0105c te\u017c odkrywanych znajdziek (jeden niezdany test nie przekre\u015bla ca\u0142o\u015bci i nie sprawia, \u017ce Gracze stoj\u0105 w miejscu).<\/p>\n<p>Mam w\u0105tpliwo\u015b\u0107 co do konstrukcji BG i ich motywacji -zdecydowanie podkr\u0119ci\u0142a bym ich zwi\u0105zek ze spraw\u0105. Nie powinni by\u0107 lud\u017ami \u2018z zewn\u0105trz\u2019. Brakuje mi te\u017c akcji i dynamiki. Scenariusz jest do\u015b\u0107 statyczny, a rozci\u0105gni\u0119cie rozgrywanych w\u0105tk\u00f3w (rozmowy z NPCami) mog\u0105 zwyczajnie nu\u017cy\u0107. Pomy\u015bla\u0142abym o jakim\u015b wyra\u017anym plot-twi\u015bcie, kt\u00f3ry skierowa\u0142by fabu\u0142\u0119 na inne tory lub wrzuceniu scen z du\u017c\u0105 dawk\u0105 akcji.<\/p>\n<p>Niemniej, \u201eB\u0142\u0119dy\u2026\u201d to solidna przygoda, w kt\u00f3r\u0105 sama bym ch\u0119tnie zagra\u0142a lub j\u0105 poprowadzi\u0142a. To jeden z ciekawszych scenariuszy do Zewu w tej edycji Q.<\/p>\n<h2 class=\"wp-block-heading\">Janek Sielicki<\/h2>\n<p>Zalety: \u015awietnie przedstawione postacie niezale\u017cne \u2013 z informacjami na temat odgrywania (i to s\u0105 praktyczne, przydatne rady, za wyj\u0105tkiem znajomo\u015bci francuskiego ;D ), powi\u0105zaniami. Kr\u00f3tkie, bardzo dobrze podane \u015bledztwo: mamy podzia\u0142 wg. postaci i ich wiedzy, podzia\u0142 wg. miejsc, tam gdzie trzeba, tekst wspomina o odpowiednich testach.<\/p>\n<p>Wady: Troch\u0119 nie widz\u0119 w tym grupy badaczy, za to jest to \u015bwietny, kameralny scenariusz dla jednej-dw\u00f3ch os\u00f3b.<\/p>\n<p>Werdykt: Nie ka\u017cda przygoda w ZC musi ko\u0144czy\u0107 si\u0119 spotkaniem z Mitami, tu s\u0105 dodane jako opcja. To \u015bledztwo wydaje si\u0119 dzia\u0142a\u0107 i dla ma\u0142ych grupek mo\u017ce by\u0107 fajn\u0105 przygod\u0105, zw\u0142aszcza je\u015bli badacz b\u0119dzie wsz\u0119dzie szuka\u0142 mit\u00f3w \u2013 a tu oka\u017ce si\u0119 \u017ce to cz\u0142owiek cz\u0142owiekowi wilkiem.<\/p>\n<h2 class=\"wp-block-heading\">Micha\u0142 So\u0142tysiak<\/h2>\n<p>Agatha Christie by\u0142aby dumna z tego tekstu, tylko osadzi\u0142aby w g\u0142\u00f3wnej roli Herculesa lub pann\u0119 Marple oraz nie bawi\u0142aby si\u0119 w Mity. Mamy klasyczne morderstwo w zamkni\u0119tym gronie. Ka\u017cdy ma co\u015b do ukrycia, ka\u017cdy troch\u0119 k\u0142amie i gdzie tylko mog\u0105, wychodz\u0105 ukryte animozj\u0119 oraz tajemnice.<\/p>\n<p>Tyle dobrego, bo cho\u0107 to solidnie spisany scenariusz, to jednak nie zachwyca, bo ma si\u0119 wra\u017cenie, \u017ce to pastisz lub na\u015bladownictwo bez zbytniego \u201ewk\u0142adu w\u0142asnego\u201d. Za ma\u0142o jest tutaj cze\u015b\u0107, co by wyr\u00f3\u017cnia\u0142o t\u0119 spraw\u0119 na tle podobnych intryg. Mity s\u0105 opcjonalne, a wi\u0119c tak naprawd\u0119 akcja mo\u017ce si\u0119 bez nich oby\u0107.<\/p>\n<p>Brakuje mi te\u017c dobrych motywacji dla Badaczy. Oni maj\u0105 rozwi\u0105za\u0107 spraw\u0119 dla zasady, bo s\u0105 poproszeni o to. Nie ma dla nich jaki\u015b osobistych motywacji, jaki\u015b w\u0105tk\u00f3w, kt\u00f3re by ich umieszcza\u0142y wewn\u0105trz intrygi. Hercules by\u0142 jednym z grupy, a tu postacie s\u0105 elementem spoza. To sprawia, \u017ce mamy tylko porz\u0105dne \u015bledztwo i ja osobi\u015bcie bym je szybko zapomnia\u0142. Ten scenariusz nie jest z\u0142y, ale nie jest wybitny. Autor powinien przemy\u015ble\u0107 spraw\u0119 z na\u015bladownictwem Christie, poprawi\u0107 warunki intrygi i dopracowa\u0107 motywacje. Bez tego to tylko kolejne morderstwo, kolejna grupa z tajemnicami i kolejna sztampowa sprawa \u201ekto zabi\u0142\u201d, bez du\u017cego twistu fabularnego, przynajmniej w prezentowanym tek\u015bcie.<\/p>\n<p>Mo\u017cna zagra\u0107, albo przeczyta\u0107 sobie jeszcze raz kt\u00f3r\u0105\u015b ksi\u0105\u017ck\u0119 wielkiej Agaty.<\/p>\n<p>\n<div class=\"spdiv\">[collapse]<\/div>\n<\/div>\n<\/div>\n\n","protected":false},"excerpt":{"rendered":"<p>B\u0142\u0119dy przesz\u0142o\u015bci \u2013 Jakub \u0141ada Edycja: 2020 System: Zew Cthulhu 7 ed Setting: Londyn, lata 20. XX wieku Liczba graczy: 1-4 Gotowe postacie: brak Liczba sesji: 1-2 Dodatki: brak Opis: B\u0142\u0119dy przesz\u0142o\u015bci to kr\u00f3tki scenariusz do 7. edycji Zewu Cthulhu. Przeznaczony do rozegrania w ci\u0105gu jednej \u2013 dw\u00f3ch kilkugodzinnych sesji przez grup\u0119 od 1 do<a class=\"more-link button\" href=\"https:\/\/www.quentinrpg.pl\/?page_id=4845\">Czytaj dalej&#8230;<\/a><\/p>\n","protected":false},"author":11112,"featured_media":0,"parent":0,"menu_order":0,"comment_status":"closed","ping_status":"closed","template":"","meta":{"footnotes":""},"categories":[41,47,40,46,39,38,19,61],"tags":[],"class_list":["post-4845","page","type-page","status-publish","hentry","category-1-gracz","category-1-sesja-plus","category-2-graczy","category-2-sesje","category-3-graczy","category-4-graczy","category-scenariusze","category-zew-cthulhu"],"_links":{"self":[{"href":"https:\/\/www.quentinrpg.pl\/index.php?rest_route=\/wp\/v2\/pages\/4845","targetHints":{"allow":["GET"]}}],"collection":[{"href":"https:\/\/www.quentinrpg.pl\/index.php?rest_route=\/wp\/v2\/pages"}],"about":[{"href":"https:\/\/www.quentinrpg.pl\/index.php?rest_route=\/wp\/v2\/types\/page"}],"author":[{"embeddable":true,"href":"https:\/\/www.quentinrpg.pl\/index.php?rest_route=\/wp\/v2\/users\/11112"}],"replies":[{"embeddable":true,"href":"https:\/\/www.quentinrpg.pl\/index.php?rest_route=%2Fwp%2Fv2%2Fcomments&post=4845"}],"version-history":[{"count":6,"href":"https:\/\/www.quentinrpg.pl\/index.php?rest_route=\/wp\/v2\/pages\/4845\/revisions"}],"predecessor-version":[{"id":5192,"href":"https:\/\/www.quentinrpg.pl\/index.php?rest_route=\/wp\/v2\/pages\/4845\/revisions\/5192"}],"wp:attachment":[{"href":"https:\/\/www.quentinrpg.pl\/index.php?rest_route=%2Fwp%2Fv2%2Fmedia&parent=4845"}],"wp:term":[{"taxonomy":"category","embeddable":true,"href":"https:\/\/www.quentinrpg.pl\/index.php?rest_route=%2Fwp%2Fv2%2Fcategories&post=4845"},{"taxonomy":"post_tag","embeddable":true,"href":"https:\/\/www.quentinrpg.pl\/index.php?rest_route=%2Fwp%2Fv2%2Ftags&post=4845"}],"curies":[{"name":"wp","href":"https:\/\/api.w.org\/{rel}","templated":true}]}}